d derivative of -a**4/6 + 17*a**3/2 - 29*a**2. What is the units digit of k(-12)?
9
Suppose 3122 = 6*k - 952. What is the tens digit of k?
7
Let t be (-4 + 0)*(-56)/(-32). Let m be (28/6)/t*-6. Suppose 73 = -m*v + 205. What is the tens digit of v?
3
Let u(n) = -n**3 - n**2 + 5*n. Let b(d) = 2*d**3 + 2*d**2 - 9*d. Let g(o) = -6*b(o) - 11*u(o). What is the units digit of g(-1)?
1
Suppose 2*x = 5 - 7, 0 = 4*i - 2*x - 166. What is the units digit of i?
1
Let u(p) = 2*p**2 + 38*p + 46. What is the tens digit of u(-21)?
3
Suppose -20*k + 9620 + 7820 = 0. What is the tens digit of k?
7
Suppose 4*t + 240 = -2*n, -n = -5*t - 27 + 133. Suppose 3*x - 2*p = 518, 4*x - 16*p - 687 = -17*p. Let y = x + n. What is the units digit of y?
6
Suppose -2*s - 4 + 10 = 0. Suppose -j - 55 = -o + s*j, 4*j = -4*o + 160. What is the tens digit of o?
4
Let p be (4 - 5)*(-5 + 2). Suppose -p*r = -2*r - 79. Suppose -4 = 5*l + 5*i - r, -54 = -5*l + 2*i. What is the units digit of l?
2
Suppose 5*x - 1491 = -4*d, -d - x + 3*x = -389. What is the units digit of d?
9
Let k = 11090 - 7906. What is the hundreds digit of k?
1
Let j = 249 + 72. What is the tens digit of j?
2
Suppose -3*h + 2*h - 2*m - 1 = 0, -4*h + m = -14. Let x be 0*h/(-6) + 0. Suppose x = o + n + 9 - 26, 4*o - 3*n = 61. What is the tens digit of o?
1
Let p(t) = -t**3 - 3*t**2 + 4*t + 4. Suppose -2*a = a - 15. Suppose -a = j - 1. What is the units digit of p(j)?
4
Let x(c) = 38*c**2 - 10*c. What is the units digit of x(-1)?
8
Let n(r) = -27*r. What is the tens digit of n(-4)?
0
Let o(c) = c**3 + 2*c**2 - 7*c + 3. Let v be o(-4). What is the hundreds digit of 5265/26 + v/(-2)?
2
What is the tens digit of 4927/8 - 91/(-728)?
1
Let p(o) = -o**2 - 11*o - 15. Let c be p(-9). Let n = c + 5. What is the units digit of (-114)/n*(-16)/6?
8
Suppose -8*i + 7986 = 3*i. What is the hundreds digit of i?
7
Suppose 4*h = 5*h + 46. Let u be h/(-6) - (-6)/(-9). Suppose 3*c - u*c + 8 = 0. What is the units digit of c?
2
Let s = -1680 + 3435. What is the tens digit of s?
5
Let s be 17/4 + 1/(-4). Let c(b) = -9*b - 12. Let j be c(-18). Suppose -v + s*v - j = 0. What is the tens digit of v?
5
Suppose -3*c = -8*c + 5*q + 9465, 0 = c + 5*q - 1917. What is the thousands digit of c?
1
Let h(k) = 29*k**2 + 16*k - 81. What is the hundreds digit of h(7)?
4
Let t = -86 - -59. Let k = -304 + 289. Let d = k - t. What is the units digit of d?
2
Let l(g) = g**2 + 4*g - 1. Let w be l(-5). Suppose -15 = -w*y - 7. Let n = y - -13. What is the units digit of n?
5
Let l be (-3443)/(-13) + 20/130. Suppose 3*s + 89 - 487 = -2*r, -r = 2*s - l. What is the hundreds digit of s?
1
Suppose -2*n + 11 = 3. Suppose n*z = 397 + 163. Suppose -g = 5*o - z, 3*g + 27 = 3*o - 39. What is the units digit of o?
7
What is the tens digit of 4/(196/11333) - 4/14?
3
Suppose 3*w = 4*w - 13. Suppose 0 = -5*d + w - 33. What is the units digit of d/(-6) + (-376)/(-12)?
2
Let w(s) = -s**3 + s**2 + 2*s + 21. Let a be w(0). Let p(u) = -u**3 - 11*u**2 - 3 - 4*u**2 + 5*u + a*u**2. What is the tens digit of p(4)?
4
Let u(h) = 334*h - 60. What is the units digit of u(2)?
8
Let u = 68 + -62. Suppose -12*x + u*x = -582. What is the tens digit of x?
9
Let o be ((-81)/15)/((-3)/10). Suppose o*q = 7*q + 847. What is the tens digit of q?
7
Suppose -r + 10*y - 14*y = -1149, 5*r - 5745 = 5*y. What is the tens digit of r?
4
Let i(r) = -r - 5 + 2 - 5*r**2 + 14*r**2 + r**3 - 1. Suppose 0*g - 4*g - 36 = 0. What is the units digit of i(g)?
5
Suppose 4*f = 3*q + 3008, -f - 3*q + 936 = 169. What is the hundreds digit of f?
7
Suppose 0 = 4*m - 9 - 15. Suppose 0 = 2*c - 3*k - 134, -2*c - 2*k = -148 - m. What is the tens digit of c?
7
Let i = -890 - -1637. What is the units digit of i?
7
Let j(z) = z**2 + 3*z - 4. Let c be j(-3). Let a be (-20)/(-16) + (-3)/c. Suppose 3*s - 4*s - a*n = -33, -s + 2*n = -13. What is the tens digit of s?
2
Let f(n) = n**3 + 12*n - 4*n**3 + 21 - 10*n**2 + 2*n**3. What is the tens digit of f(-11)?
1
Suppose 5 = -7*c + 2*c, 1701 = 5*u - c. What is the hundreds digit of u?
3
Let s(w) = -1 + 8*w + 7 - 7*w + 14. What is the tens digit of s(9)?
2
Let q be (-29)/(-9) - 1 - 8/36. What is the units digit of (1*q/(-6))/(1/(-12))?
4
Suppose -l = 4*o - 5, 0*l + 5*o = -4*l + 20. Suppose 52 - 215 = -3*z - l*g, -5*z + 277 = 3*g. What is the units digit of z?
6
Suppose -4*d + 2*c + 10402 = 0, 32*c - 28*c = -2*d + 5206. What is the units digit of d?
1
Let c(d) = 141*d**3. Let x be c(1). Suppose -2*h = 2*t + 314, 0*h = h - 3*t + x. Let u = -86 - h. What is the tens digit of u?
6
Suppose 0 = -3*w + 2*w + 176. Suppose -65*a + 63*a + w = 0. What is the tens digit of a?
8
Let z(p) = 5*p + 15. Let t be z(-6). Let v = t + 5. Let f = 32 + v. What is the units digit of f?
2
Suppose 0 = -44*a + 46*a - 1418. What is the hundreds digit of a?
7
Let h(d) = -d**2 - 2*d - 1. Let a be h(0). What is the units digit of (-18)/(-9) - (2 + a)?
1
Let a(o) = -3*o + 6*o**2 + 5*o**3 - 4*o**3 + o - 2. Let y be -12*(3 + 15/(-6)). What is the tens digit of a(y)?
1
Let g(q) = -12*q - 2. Suppose -3*n + 0 = -6. Suppose -6*u = -n*u + 12. What is the units digit of g(u)?
4
Suppose -3001 + 147 = -2*i. What is the thousands digit of i?
1
Let r(z) = z**3 + 3*z**2 - 14*z + 18. What is the units digit of r(4)?
4
Let k = -240 - -580. Suppose -259 = -4*n + t, 0*n + 5*n + 2*t - k = 0. What is the tens digit of n?
6
Let w = -51 - -55. Suppose 7*u = 2*m + 4*u - 109, 0 = -w*m + 5*u + 217. What is the tens digit of m?
5
Let j(w) = -75 - 3*w**3 + 4*w**3 - 10*w**2 + 17*w + 80. What is the tens digit of j(9)?
7
Let l be (-2)/6 + 276/(-9). Suppose -4*m + 20 = -4*c, 2*m + 15 = 4*m - 3*c. Let b = m - l. What is the tens digit of b?
3
Suppose 0 = 6*o - o - 10. Let q(j) = j**3 - 3*j**2 + j + 2. Let m be q(2). Suppose -5*i = -v + 22, m = -2*v - 0*i - o*i + 32. What is the units digit of v?
7
Suppose 3*v - 2152 = 4*k, -4*k + 2 = -6*k. What is the units digit of v?
6
Let b = -217 + 321. Suppose -5*y - 2*h + 184 = 45, 4*h - b = -4*y. What is the units digit of y?
9
Let u = -54 - -54. Suppose u*a - 570 = -6*a. What is the units digit of a?
5
What is the units digit of 6*(-8)/(-18)*(-147)/(-98)?
4
Let c(z) = z**3 - z**2 - 4*z - 3. Let r(p) = p**3 + 10*p**2 + 8*p - 5. Let k = -26 - -17. Let w be r(k). What is the units digit of c(w)?
9
Suppose 0 = 5*t + 5*s - 35, -4*s + 24 = -5*t + 7*t. Suppose 3*l = -2*p + 55, -t*l + 30 = 3*p - 0. What is the tens digit of l?
2
Let s = 51 + -46. Let v = 24 + s. What is the units digit of v?
9
Let n(l) = l**2 - 13*l - 15. Let o be n(13). Let m = o + 23. What is the units digit of m?
8
Let j(d) = -d**2 + 13*d - 30. Let r be j(9). Suppose 12*q - 1380 = r*q. What is the tens digit of q?
3
Let o(b) = b - 13. Let k be o(10). Let j be ((-14)/k)/(4/(-24)). Let r = j - -42. What is the units digit of r?
4
Suppose -6*k - 14 + 86 = 0. Let x(z) = z**3 - 11*z**2 - 12*z + 19. What is the units digit of x(k)?
9
Let c be 1 + -2 - (1 - 4). Suppose -3*b + 96 = -c*b. What is the tens digit of b?
9
Let g = -3 + 5. Suppose -2*s + 3*m = -35, -14 - 6 = -s + g*m. Suppose -s - 2 = -4*q. What is the units digit of q?
3
Let c(t) = -429*t - 163. What is the tens digit of c(-12)?
8
Suppose 2*a - 30 = -3*t, -a - 51 = -7*t + 3*t. Let f be (t/(-14))/((-2)/(-14)). Let p = f + 16. What is the units digit of p?
0
Let v = 4789 + -3271. What is the units digit of v?
8
Suppose c + 2*u + 2 = -40, u = 3*c + 140. Let b = c - -145. What is the tens digit of b?
9
Let i be 45/(-6)*(-8)/6. Let g(c) = -c**2 + 26*c - 11. What is the tens digit of g(i)?
4
Let k(d) = -d**3 + 25*d**2 - 3*d - 40. What is the tens digit of k(24)?
6
Suppose 0 = -b - 2*l - l - 6, -b - l = 0. Suppose -h = -b + 1. Suppose 2*c = -4*n + n + 14, -3*c = h*n - 11. What is the units digit of n?
4
Let f be (1/2)/((-3)/6). What is the tens digit of 41 + 6 - 0/f?
4
Suppose -5*v = 3*p - 8884, -p = 2*v + 5*v - 2988. What is the units digit of p?
3
Let c(y) = 12*y**2 - 18. What is the units digit of c(-7)?
0
Suppose -775 = -4*p + 549. Let r = p - 218. What is the hundreds digit of r?
1
Let t(j) = -157*j - 1. Let k be t(1). Let o = k + 366. What is the tens digit of o?
0
Suppose 5*b + 169 = -2*d, 3*b + 106 = -5*d + 16. Let u be (-12)/28 + 73240/b. What is the units digit of (-1)/5 - u/65?
2
Let 